 of -735 + 763 - (29 - -2)?
-3
What is 1 - 3 - (-2165 + 2270)?
-107
Calculate (2 + -4 - 11) + (-2 - (5 - (16 - 11))).
-15
What is the value of -5 + (-3 - -33 - 35)?
-10
What is 74 - (-60 - -13) - 168?
-47
-65 + 131 + (78 - 86)
58
Evaluate 14 + -2 + (14 - (-10 - -5)) + -20.
11
Evaluate (4 + -6 - (-2 - -39)) + (-8 - (-11 + -5)).
-31
Evaluate 17 + -4 + -4 + (22 - 6).
25
110 + 0 + ((10 - 26) + 22 - 22) + 4
98
Evaluate (-58 - -50) + (-71 + -2 + 2 - 0).
-79
What is -33 - (-22 + -9) - (38 - -10)?
-50
What is 427 - 440 - (-11 + -4 + 4)?
-2
What is the value of -5 - (-9 - 29 - -18) - -16?
31
What is 27 + (-420 + 398 - (2 + -45))?
48
Evaluate -117 + 146 + -115 - 3.
-89
13 + 0 - ((43 - 5) + 2 + -52)
25
What is the value of 40 + -22 + -1 - (6 + 26)?
-15
What is 107 - (135 + 74) - -158?
56
Calculate (13 - 2) + -2 + (-31 - 6) + -2.
-30
Evaluate 5157 + -5184 + (69 - 2).
40
Evaluate (3 - -6 - (-41 + -1 + 64)) + 57.
44
What is (1 - 28 - -1 - (697 + -710)) + (-38 - -9)?
-42
44 - (74 - 51) - 25
-4
Calculate 128 - 116 - ((10 + -8 - -6) + 74).
-70
What is the value of (2 - 24) + (-27 - -24 - (-14 - -3))?
-14
Evaluate 12 + ((4 + 4 - 9) + 93 - -4) + -11.
97
Calculate 6 + (-3 + 11 - 4) - 12 - -36.
34
What is the value of -3 + (43 + 1 - (292 + -302))?
51
What is 83 + (124 - 92) + 2?
117
-6 - ((5 + -5 - 3 - 5) + (-10 - -8))
4
What is the value of 0 - (-17 + (2 - (12 + -18 - 0)))?
9
Calculate 36 + (12 - (-67 + 81)).
34
Evaluate (0 + 10 + -1 - (-1686 - -1702)) + (0 - 32).
-39
What is -34 - ((34 - 3 - 6) + -16)?
-43
Evaluate -5 + -10 + 6 + (-2 + 24 - -75).
88
What is 1 + 5 + 2 - ((361 - 402) + (-18 - 0))?
67
Calculate 8 - ((9 - 2) + (19 + (-3 - 8) - 24)).
17
Calculate -32 + -23 + (-16 - -39).
-32
What is the value of 30 - 1 - (-12 - (-11 - -24))?
54
Evaluate -232 - -38 - (-17 - 74).
-103
What is the value of (2 + 6 - 7) + 7 + -7 - (5 + 23)?
-27
What is the value of -43 + 31 + 2 + 7 + 21 + -10?
8
Evaluate -145 + (4 + -11 - -90).
-62
What is 8 + -19 + -5 + 9?
-7
Calculate (-20241 - -20337) + (-1 - 55).
40
What is 11 + (3 - (7 + -7 - 1)) + -9 - 53?
-47
6 - (-14 + 4 + 19) - -15 - -30
42
Evaluate (5 + -43 - -17) + 9 + 16.
4
Calculate 15 + 0 + 16 + -20 + (-52 - (3 - 47)).
3
What is ((-1 - (-6 + -4)) + -8 + -15 - -10) + -15?
-19
What is the value of -23 + (-7 - 1 - (7 + -7 + -10 - -9))?
-30
What is the value of (-86 + 93 - -62) + -151?
-82
Evaluate (-6 - 0) + (-56 - -54) + 0 + (20 - 5).
7
Evaluate (-5 - 1) + 13 - (-8 - (67 + -29)).
53
Calculate 3 - -12 - (155 - 163).
23
What is the value of -11 + 14 + (8 - 7) - (38 - 9)?
-25
What is the value of 6 + (-44 + 0 + 0 + 4 - (-25 - -25))?
-34
Evaluate 129 - 69 - 53 - 65.
-58
What is the value of 13 + -12 + 18 + -45?
-26
What is the value of -31 + (124 - (-39 + 84))?
48
What is 30 + (14 - 26) + 10 + -134 + -3?
-109
What is (2 - 38) + 2 - (-525 + 597)?
-106
Evaluate -103 + 152 + -30 - (2 + 19).
-2
Evaluate -1 - -7 - (43 + -111 - -50) - 46.
-22
9 - (-40 + (8 - -18))
23
What is the value of 10 + 1 - (-22 + -2 + 2 - 25)?
58
What is 3 + (-49 - -78) + -25?
7
What is 80 + -1 + -11572 + 11504?
11
Evaluate (75 - 34) + -19 + 31.
53
What is 14 + -29 + 11 + (1 - 6) + 112 + -153?
-50
(41 - -1) + (438 - 461) + -10
9
What is the value of (8 - (-51 - -43)) + -10 + 7 + (-147 - 0)?
-134
What is -74 + 7 - (1182 - 1334)?
85
What is -74 - -28 - (12 - 63)?
5
Calculate 7 + -25 + -9 - (-275 + 242).
6
What is -6 + 22 + 8 + (4 - (7 - (3 + -2)))?
22
What is the value of 3 - -70 - (-980 - -1124)?
-71
What is the value of ((1 - 3) + -12 - (-6 + -37)) + -10 + 0?
19
What is the value of (-3 - -128) + -117 + 121 + -6?
123
Calculate -52 + 0 - (-3 - -6 - (-51 + -6 - -61)).
-51
What is 33 - (235 - (129 - 24))?
-97
Evaluate 2 - 38 - (108 + 15 + -100).
-59
Calculate (-11 - (18 + -13 + -11)) + (85 - -5 - 5).
80
(-58 - -104) + 77 + -46
77
Evaluate 17 + (-3 - 2 - (-11 - 0) - (137 - 127)).
13
What is the value of 16 + (4 - 12) + 66 - (-273 + 287)?
60
What is 16 + 14 + -11 + -104 + -30?
-115
What is the value of (29 - -2) + 8 + (-14 - (-13 + 6))?
32
23 + (-2 - -20) + (-142 - -63)
-38
What is (17 - -4 - 3 - (-2 + 25)) + 16?
11
Calculate (1 - (-3 - -2)) + 0 + -4 + 4 + 17.
19
2 + (-13 - (8 + -12 + 0)) + 11 + 33
37
What is -15 + (-10 - -28) - -22 - 42?
-17
Calculate 35 + (-61 - -46) + 55.
75
Calculate -219 - (-260 + -20) - (11 - -1).
49
What is 11 + 2 - 1 - (129 - (26 - -107))?
16
What is the value of 88 + (-194 - -26 - -79)?
-1
What is (7 - -9 - -30) + -38?
8
Calculate 24 + 9 + -7 + -16 - -11.
21
What is the value of (-4 - -7) + -13 + 0 + (-39 - -28)?
-21
62 + -106 + 49 - (-36 + 3 + -3)
41
What is 6 + 23 + -17 + (4 - (-9 - -53 - -1))?
-29
Evaluate (1 - -1 - (-592 - -608) - -106) + -10.
82
Calculate (-26 - -24 - -15) + 52 + 4.
69
What is (-2 - 47) + (11 + -30 - -30) - 12?
-50
-45 - (20 - 99) - -15
49
17 - (-132 - (16 - 28))
137
Calculate -42 + (8 - 14) + 203 + -106.
49
What is the value of -111 + (-62 - (-110 + 3))?
-66
What is 474 - 725 - (-142 + 3)?
-112
Evaluate 5 + (-16 - 7) + (221 - 249).
-46
What is (83 - 49) + -42 - (-4 + (-38 - -2))?
32
Calculate 1313 + -1377 - (3 - 80).
13
Evaluate 47 - (90 - 15 - -8).
-36
Evaluate 314 + -287 + -86 + -4.
-63
What is the value of 54 + (11 + -4 - 5 - 22)?
34
Calculate (-1 + -14 - -2) + -1 + (413 - 389).
10
What is 96 + -11 + (9 - -2 - 9 - -1) + 6?
94
1952 + -2014 - (-1 + -3)
-58
What is the value of (23 - (39 - 11)) + (-1 - -33) + -5 - -10?
32
Calculate -31 + 3 + 6 + (18 - 11) - -6.
-9
What is 5 + -1 + (25 - (-12 + -28)) + 21?
90
What is (310 - 273) + -5 + 11?
43
Calculate -21 + -2 + (14 + -21 - -15).
-15
Calculate -47 + -29 + 92 - 90.
-74
Evaluate (2 - (-6 - -26) - -14) + (52 - (2 - 2)).
48
Calculate -22 + 137 + 1 + 8 + (-52 - -36).
108
What is the value of 1 + 221 + -327 - (-2 + 0)?
-103
Calculate -7 + -107 + 58 + 106.
50
What is the value of (-20 - -2) + (-776 - -782)?
-12
Evaluate -36 + 38 - (3 + -20) - 57.
-38
What is the value of -52 + 25 - (-75 + 16) - (-4 + (0 - 0))?
36
What is the value of -65 - (-90 - -17 - 63)?
71
What is 10 + (0 + 0 - (-17 - (17 - 27)) - -2)?
19
Calculate -95 + 74 + 58 + (9 - ((-3 - -3) + -3)).
49
Calculate 3 - 4 - (10 + 0) - (222 + (-227 - -92)).
-98
What is the value of 38 + -27 - (-3 + -29)?
43
What is -184 + 147 + -53 + 38?
-52
1 + (16 - 5) + (-920 - -933)
25
Calculate 65 - 74 - (6 + 1 + (20 - 20)).
-16
What is 25 + (11 + -2 - (-108 - -111)) + -20?
11
Calculate 4 - (0 + -2) - 12 - (-66 + 60).
0
Evaluate -8 + 2 + -2 - (-1 + (16 - -1) + -18).
-6
What is the value of 57 - (89 - 24) - ((27 - 0) + 6 + -9)?
-32
Calculate (1 - 11 - (12 - 0)) + 10.
-12
Calculate 54 - 32 - ((19 - 24) + 34).
-7
What is the value of (-101 - -94) + -2 + 4 - (0 + 36 + 5)?
-46
What is the value of 201 + (31 - 31 - 89)?
112
What is 9 + (-15 + 5 + 6 - 9) + 79 - -11?
86
11 + 4 - -3 - (-207 - -199) - (1 - 0)
25
What is the value of 53 - (83 + -37 + 30)?
-23
Calculate 7 - (50 - (-67 - -111)).
1
What is -18 - (-25 + -10 - -30)?
-13
What is 37 + -27 + (3 - -1) + 2 + -98 + -3?
-85
Calculate -93 + 1 - (1716 - 1765).
-43
What is (5 + -15 + 4 - (-5 + (-2 - 0))) + -25?
-24
What is the value of 38 + -42 + 9 + 14?
19
What is 9 - (-1 - (-13 - (-11 + -2))) - -47?
57
Evaluate 4 + 4 + (8 - 0 - (23 - 4) - -9).
6
(4 - (-4 - -4)) + (4 - (-9 - -6)) - -11
22
(25 - (29 + 3) - -30) + -43 + -1
-21
Calculate -61 - (-17 - (-16 - (-19 + -5))).
-36
What is the value of 3059 + -3030 - (-5 - 0)?
34
Calculate -1258 - -1312 - ((4 - 2) + (5 - (-2 + -2))).
43
Calculate (256 - 101) + -140 + 62 + 2 + -2.
77
Evaluate 107 - 123 - (-98 + -30).
112
What is 9 + 14 + 10 - ((-1 - 2) + (527 - 512))?
21
Evaluate 53 + -55 + 41 + -49.
-10
Evaluate 144 + (-10 - 5 - 53).
76
Evaluate -88 + 66 - (-7 + -3 - -4).
-16
-1 + (23 - (9 - -35) - -19) + -38
-41
4 - ((-33 + 40 - (-16 - 0)) + -27 + 23)
-15
Evaluate 482 + -514 - (-47 + -1).
16
What is 16 + -14 + -5 + 6 + 6 + 2 + -7?
4
Calculate 14 + -1 - (71 - (268 + -155)).
55
Calculate 54 + -22 + 28 - 50.
10
What is -92 + -13 + -1 + 5 + 0 + (3 - -17)?
-81
-6 - (-7 - -16) - -18 - 44
-41
(-19 - (7 + -29 + 12)) + -10 + -56
-75
Evaluate -9 - (-2 - 11) - (10 - (7 - -1)).
2
Calculate 70 + -222 + 119 + -20.
-53
-25 + 16 + 53 + -3 + -25 + -111
-95
Evaluate 3 - 27 - -70 - 21 - -6.
31
What is 54 - (-1 + -9 + 71 + (-40 - 25))?
58
Evaluate 45 + -22 - (-14 - 